
21002
In base 11, what is -63a24450 - -4?
-63a24447
In base 5, what is -101 - 11222222033?
-11222222134
In base 12, what is -11a + 4ab2?
4994
In base 4, what is -12310 - 3020030310?
-3020103220
In base 14, what is -39460b0 + -10?
-39460c0
In base 6, what is 43240300 - 1550?
43234310
In base 10, what is 29039466 + -14?
29039452
In base 10, what is 11 - -67956?
67967
In base 2, what is 100001011001 - 1011100101101010?
-1011000100010001
In base 13, what is 128 - -110c7?
11222
In base 12, what is 1349847 - -4?
134984b
In base 16, what is 2 - 1f6b01b?
-1f6b019
In base 11, what is -70 - -47a026?
479a66
In base 7, what is -41214262 - -46?
-41214213
In base 3, what is 2101212200 + -1100?
2101211100
In base 7, what is -132252113 + -23?
-132252136
In base 6, what is 334 + 52211233?
52212011
In base 16, what is 1438223 - 3?
1438220
In base 15, what is 2 + 45892e?
458931
In base 3, what is -22 + -110111012002211?
-110111012010010
In base 11, what is 130a5 + 1212?
14307
In base 4, what is 1020222 + -10100100?
-3013212
In base 11, what is -10 - 646718?
-646728
In base 9, what is 1 - 2468570?
-2468568
In base 13, what is 9 - -3227a?
32286
In base 11, what is 2 + -a966844?
-a966842
In base 14, what is 25 + 218408?
21842d
In base 8, what is 31 - -1463263?
1463314
In base 14, what is 166c + 7a0?
202c
In base 12, what is -2 - -64888a7?
64888a5
In base 2, what is 101 + -111111000011011011101000?
-111111000011011011100011
In base 15, what is b0387c - 50?
b0382c
In base 10, what is 9779 - -401?
10180
In base 2, what is -100101101101111010100000 - -111?
-100101101101111010011001
In base 9, what is 2 + -517170?
-517167
In base 3, what is -10111112011 + -220120?
-10112102201
In base 8, what is 5136354 - 4?
5136350
In base 13, what is 1536 + 9874?
b0aa
In base 15, what is 30 + -18078?
-18048
In base 4, what is -1220132 + -33020111?
-100300303
In base 11, what is 2089 + -232178?
-23009a
In base 3, what is 1 + 11121001020212011?
11121001020212012
In base 8, what is 462 - 10550114?
-10547432
In base 12, what is 373826 + -1?
373825
In base 2, what is -100100000 - 111101110100010?
-111110011000010
In base 5, what is 23414213 + 11030?
23430243
In base 5, what is -3214304 + 432034?
-2232220
In base 3, what is -1002220022 + -1121200101?
-2201120200
In base 15, what is -316c38 + -1?
-316c39
In base 6, what is -22542402424 - -3?
-22542402421
In base 15, what is -bdd4 + -2?
-bdd6
In base 5, what is -4042102301 - 12?
-4042102313
In base 14, what is -486479 - 15?
-486490
In base 11, what is -a89 - 8255?
-9233
In base 16, what is 18d75 - -1?
18d76
In base 10, what is -307 - 24977?
-25284
In base 8, what is -2 + 425040436?
425040434
In base 2, what is 1001 - -1010000001001111011100111?
1010000001001111011110000
In base 6, what is -15321043 + -21?
-15321104
In base 11, what is 0 - -4047674?
4047674
In base 11, what is 97 - -71522a?
715316
In base 16, what is -2a + -575d?
-5787
In base 8, what is 7114 + 115354?
124470
In base 4, what is 3330 + -131030203?
-131020213
In base 9, what is -10535644 + 0?
-10535644
In base 3, what is 12022201220 + -1212000?
12020212220
In base 3, what is 1 + -112202221112012?
-112202221112011
In base 5, what is -121400431142 - 4?
-121400431201
In base 13, what is 202c71 + -59?
202c15
In base 15, what is 8e2d - 12c?
8d01
In base 8, what is 207450006 + 3?
207450011
In base 2, what is -111 - 100001000010011000111000110?
-100001000010011000111001101
In base 7, what is -26012 + -20041?
-46053
In base 10, what is 1519 + 2555?
4074
In base 12, what is -22 + -31769?
-3178b
In base 14, what is -b06 - -10c9?
3c3
In base 11, what is -399838 + 18?
-399820
In base 15, what is -15d9473 + -3?
-15d9476
In base 2, what is 11000000 + 11101011001111?
11101110001111
In base 4, what is -203020010 - 122030?
-203202100
In base 13, what is 48 - -18101a?
181065
In base 7, what is 103 - 40535?
-40432
In base 8, what is 1225202 + -7?
1225173
In base 3, what is 2102201001121 - 1211?
2102200222210
In base 11, what is 74997a63 + -5?
74997a59
In base 16, what is 105 + 3fe07?
3ff0c
In base 3, what is 112112 + -1121022111201?
-1121021222012
In base 12, what is 28b3313 - -30?
28b3343
In base 7, what is -3 + 241336035?
241336032
In base 5, what is 3000 - 124032?
-121032
In base 4, what is -201023330 + 20131?
-201003133
In base 6, what is -3 - 2545103231?
-2545103234
In base 2, what is 100101000011 - -10010010001001?
10110111001100
In base 3, what is -112020020201 + -21?
-112020020222
In base 2, what is -1100100100 - 1001100011101100001?
-1001100101010000101
In base 15, what is -2651 + 5a1?
-20a0
In base 8, what is -5727 + 67571?
61642
In base 15, what is -89c7d9 - -d?
-89c7cb
In base 12, what is -94a4 + 71b?
-8985
In base 12, what is 2a - 157117?
-1570a9
In base 11, what is -337aa23 - a?
-337aa32
In base 13, what is 185 + -a964?
-a7ac
In base 5, what is 1221 + 41431020?
41432241
In base 11, what is -1a034504 - -4?
-1a034500
In base 7, what is -424 + -13136?
-13563
In base 16, what is 17 - -1afa?
1b11
In base 13, what is 38a7a60c - -4?
38a7a613
In base 11, what is 28 + -472064?
-472037
In base 2, what is 10 + -111010010000011101101?
-111010010000011101011
In base 13, what is 2 + -2565700?
-25656cb
In base 10, what is 502177 - -62?
502239
In base 16, what is -4d - 2f01c?
-2f069
In base 7, what is -1415232 + -1036?
-1416301
In base 7, what is 23613 + -22552?
1031
In base 2, what is 1010 + 11000001101001100100?
11000001101001101110
In base 6, what is -23210145034 - 3?
-23210145041
In base 10, what is -2049 + -1411?
-3460
In base 14, what is -5 + 8c8dac6?
8c8dac1
In base 15, what is 7113 - -13a?
724d
In base 4, what is -1103002233012 - -2?
-1103002233010
In base 16, what is -29 + 1f7cce?
1f7ca5
In base 4, what is -1 - -121002111212?
121002111211
In base 14, what is 0 - 56425?
-56425
In base 14, what is -11 + -8a18d5c?
-8a18d6d
In base 11, what is 51662a37 - -2?
51662a39
In base 12, what is -1484 - 140?
-1604
In base 16, what is 2618 - -4cf?
2ae7
In base 2, what is -111 + -111011010001000111111?
-111011010001001000110
In base 9, what is -104336040 - 1?
-104336041
In base 5, what is 434134002 - 0?
434134002
In base 9, what is -1055838 + 561?
-1055267
In base 2, what is 101010111000101101 - -11110110?
101010111100100011
In base 11, what is -35 + -6058?
-6092
In base 15, what is -3b1 - -8b7a?
87b9
In base 9, what is 287415860 + -1?
287415858
In base 16, what is 7 + 5b81d5?
5b81dc
In base 11, what is -102a9253 - 5?
-102a9258
In base 9, what is -18 - 170570?
-170588
In base 11, what is -545 + 3197?
2752
In base 7, what is 1116423 + -105?
1116315
In base 13, what is 1135 - 316?
b1c
In base 14, what is -bdbb - -12ba?
-ab01
In base 9, what is 677416 + -117?
677288
In base 9, what is -11713 + 4267?
-6435
In base 8, what is 34547 + 1217?
35766
In base 11, what is -19 + -588209?
-588227
In base 14, what is -2 - -3634406?
3634404
In base 4, what is 12203 - -211320113?
211332322
In base 4, what is -1021103231130 + 0?
-1021103231130
In base 14, what is 7 + 1d728?
1d731
In base 2, what is 1110000001 + 110110111110001?
111000101110010
In base 10, what is 36030 + -1045?
34985
In base 11, what is 5 + -36499023?
-36499019
In base 10, what is 373 + -72808?
-72435
In base 13, what is 1b + -3b378?
-3b35a
In base 7, what is -1 - 25321400?
-25321401
In base 12, what is -2b4998 + -69a?
-2b5476
In base 12, what is 3 - -1325892?
1325895
In base 2, what is 100 - -1001000011001110001001100?
1001000011001110001010000
In base 13, what is -4 - 250355a?
-2503561
In base 11, what is -78 + -7499?
-7566
In base 9, what is 0 - -138126182?
138126182
In base 16, what is -3 - -7e665e9?
7e665e6
In base 7, what is -15234361 - 156?
-15234550
In base 12, what is -41 + 692691?
692650
In base 5, what is 1101 + 2412031?
2413132
In base 9, what is -31344826 + -4?
-31344831
In base 2, what is 100 - -100110110111011110101101?
100110110111011110110001
In base 6, what is 550 + 5425103?
5430053
In base 2, what is -10 + 101101011101111101111?
101101011101111101101
In base 3, what is -2020102220 + -110202?
-2020220122
In base 2, what is -1011010111000001111011011 - -100?
-1011010111000001111010111
In base 3, what is 10012110101120 - 12?
10012110101101
In base 13, what is 1115 - 10a78?
-c963
In base 7, what is 311302 - -6042?
320344
In base 3, wha